0759
What are the prime factors of 1836911?
1836911
List the prime factors of 732370.
2, 5, 73237
What are the prime factors of 877994?
2, 13, 33769
What are the prime factors of 276447?
3, 43, 2143
What are the prime factors of 203533?
11, 18503
List the prime factors of 612585.
3, 5, 13613
List the prime factors of 30307875.
3, 5, 13, 6217
List the prime factors of 3348636.
2, 3, 19, 773
List the prime factors of 3348238.
2, 43, 38933
List the prime factors of 572228.
2, 29, 4933
What are the prime factors of 57527?
57527
List the prime factors of 116282.
2, 53, 1097
What are the prime factors of 818498?
2, 61, 6709
What are the prime factors of 1845131?
353, 5227
List the prime factors of 1318934.
2, 659467
List the prime factors of 1181261.
163, 7247
What are the prime factors of 3781822?
2, 11, 397, 433
List the prime factors of 432449.
432449
List the prime factors of 951359.
31, 30689
What are the prime factors of 120424?
2, 15053
What are the prime factors of 1111329?
3, 19, 67, 97
List the prime factors of 199167.
3, 197, 337
List the prime factors of 8282.
2, 41, 101
What are the prime factors of 7661181?
3, 11, 43, 5399
List the prime factors of 2536007.
107, 137, 173
What are the prime factors of 112479?
3, 37493
What are the prime factors of 17312394?
2, 3, 11, 461, 569
List the prime factors of 231192.
2, 3, 13, 19
List the prime factors of 11904006.
2, 3, 1109, 1789
What are the prime factors of 220180?
2, 5, 101, 109
List the prime factors of 18570523.
18570523
List the prime factors of 301822.
2, 229, 659
List the prime factors of 3980940.
2, 3, 5, 43, 1543
What are the prime factors of 7081?
73, 97
List the prime factors of 3025862.
2, 7, 216133
What are the prime factors of 264127?
264127
What are the prime factors of 2392487?
31, 71, 1087
What are the prime factors of 185875?
5, 1487
What are the prime factors of 27357985?
5, 37, 147881
List the prime factors of 617111.
11, 56101
What are the prime factors of 447620?
2, 5, 22381
List the prime factors of 6224394.
2, 3, 11, 94309
List the prime factors of 12209483.
11, 13, 85381
List the prime factors of 25313614.
2, 12656807
List the prime factors of 1865280.
2, 3, 5, 29, 67
List the prime factors of 1655054.
2, 131, 6317
List the prime factors of 36396573.
3, 31, 229, 1709
What are the prime factors of 1030107?
3, 13, 61, 433
What are the prime factors of 1872471?
3, 89, 7013
What are the prime factors of 1290880?
2, 5, 2017
What are the prime factors of 560548?
2, 43, 3259
List the prime factors of 107002.
2, 7, 7643
What are the prime factors of 4149781?
107, 38783
What are the prime factors of 255170?
2, 5, 17, 19, 79
What are the prime factors of 351354?
2, 3, 31, 1889
List the prime factors of 15895788.
2, 3, 1324649
What are the prime factors of 932439?
3, 67, 4639
What are the prime factors of 95865?
3, 5, 7, 11, 83
List the prime factors of 789194.
2, 7, 8053
List the prime factors of 36187042.
2, 401, 45121
What are the prime factors of 536412?
2, 3, 44701
List the prime factors of 4091932.
2, 13, 78691
List the prime factors of 139445.
5, 167
What are the prime factors of 786748?
2, 196687
What are the prime factors of 619292?
2, 154823
List the prime factors of 2594328.
2, 3, 11, 31, 317
List the prime factors of 194926.
2, 97463
What are the prime factors of 1631058?
2, 3, 11, 13, 1901
List the prime factors of 1340755.
5, 13, 20627
List the prime factors of 37839849.
3, 19, 663857
What are the prime factors of 19883664?
2, 3, 46027
List the prime factors of 902816.
2, 89, 317
List the prime factors of 1226471.
1226471
What are the prime factors of 136314?
2, 3, 7573
What are the prime factors of 16027747?
16027747
What are the prime factors of 525689?
521, 1009
What are the prime factors of 34004199?
3, 17, 666749
List the prime factors of 717937.
11, 65267
List the prime factors of 18128441.
18128441
What are the prime factors of 1403120?
2, 5, 17539
What are the prime factors of 1986070?
2, 5, 19, 10453
What are the prime factors of 33912779?
33912779
What are the prime factors of 244704?
2, 3, 2549
What are the prime factors of 14573401?
14573401
What are the prime factors of 101518?
2, 193, 263
What are the prime factors of 2660317?
11, 241847
What are the prime factors of 343222?
2, 11, 15601
List the prime factors of 5847653.
7, 835379
List the prime factors of 552120.
2, 3, 5, 43, 107
List the prime factors of 8386151.
17, 31, 15913
What are the prime factors of 943821?
3, 104869
List the prime factors of 2169015.
3, 5, 23, 6287
List the prime factors of 3177093.
3, 181, 5851
What are the prime factors of 9449985?
3, 5, 37, 17027
List the prime factors of 84625.
5, 677
List the prime factors of 2086053.
3, 17, 40903
List the prime factors of 3688363.
7, 526909
What are the prime factors of 1002749?
11, 91159
What are the prime factors of 265516?
2, 41, 1619
List the prime factors of 13281806.
2, 6640903
List the prime factors of 2267690.
2, 5, 226769
What are the prime factors of 14925090?
2, 3, 5, 499, 997
List the prime factors of 3176844.
2, 3, 11, 41, 587
What are the prime factors of 1382441?
71, 19471
What are the prime factors of 13239227?
43, 151, 2039
List the prime factors of 19951047.
3, 17, 130399
List the prime factors of 3785057.
271, 13967
List the prime factors of 13427167.
13, 19, 54361
List the prime factors of 434265.
3, 5, 13, 17, 131
List the prime factors of 15755.
5, 23, 137
What are the prime factors of 491435?
5, 7, 19, 739
List the prime factors of 1398452.
2, 11, 37, 859
List the prime factors of 4217269.
7, 97, 6211
List the prime factors of 5464767.
3, 7, 11, 41, 577
What are the prime factors of 461605?
5, 19, 43, 113
What are the prime factors of 17426?
2, 8713
List the prime factors of 120733.
157, 769
List the prime factors of 286947.
3, 31883
List the prime factors of 32067686.
2, 7, 107, 21407
What are the prime factors of 276864?
2, 3, 7, 103
List the prime factors of 1013286.
2, 3, 281, 601
What are the prime factors of 413899?
17, 97, 251
What are the prime factors of 2825370?
2, 3, 5, 31393
List the prime factors of 4796223.
3, 29, 1901
List the prime factors of 7378271.
7378271
List the prime factors of 8300817.
3, 7, 131759
List the prime factors of 589108.
2, 13, 11329
List the prime factors of 4976368.
2, 31, 79, 127
List the prime factors of 27419240.
2, 5, 251, 2731
List the prime factors of 37629.
3, 37, 113
List the prime factors of 1127821.
19, 59359
List the prime factors of 4481616.
2, 3, 73, 1279
What are the prime factors of 2743685?
5, 7, 277, 283
List the prime factors of 15674517.
3, 1741613
What are the prime factors of 420645?
3, 5, 29, 967
What are the prime factors of 2057250?
2, 3, 5, 13, 211
List the prime factors of 4901008.
2, 7, 43759
What are the prime factors of 50080?
2, 5, 313
What are the prime factors of 1921275?
3, 5, 8539
What are the prime factors of 1484525?
5, 7, 17, 499
What are the prime factors of 284504?
2, 11, 53, 61
What are the prime factors of 1144322?
2, 572161
List the prime factors of 447265.
5, 7, 13, 983
What are the prime factors of 2767791?
3, 13, 70969
List the prime factors of 170308.
2, 42577
What are the prime factors of 1046023?
11, 95093
List the prime factors of 9497634.
2, 3, 383, 4133
List the prime factors of 2235302.
2, 523, 2137
What are the prime factors of 4073674?
2, 11, 185167
What are the prime factors of 26296?
2, 19, 173
List the prime factors of 197044.
2, 49261
List the prime factors of 14684304.
2, 3, 23, 47, 283
What are the prime factors of 1559531?
1559531
What are the prime factors of 7098307?
7098307
List the prime factors of 2154792.
2, 3, 89783
What are the prime factors of 1874758?
2, 937379
List the prime factors of 3604477.
47, 53, 1447
What are the prime factors of 11426653?
7, 23, 10139
What are the prime factors of 414048?
2, 3, 19, 227
What are the prime factors of 29344815?
3, 5, 217369
What are the prime factors of 6559?
7, 937
List the prime factors of 1444133.
17, 19, 263
What are the prime factors of 4319134?
2, 907, 2381
What are the prime factors of 6775251?
3, 7, 322631
What are the prime factors of 1133129?
761, 1489
What are the prime factors of 5375031?
3, 23, 77899
List the prime factors of 5090942.
2, 43, 59197
